 = -0*a. Calculate the remainder when 22 is divided by a.
4
What is the remainder when (0 - 2*3/6)*-26 is divided by 2?
0
Suppose 6*u = u + 45. Let s = u + -6. Calculate the remainder when s is divided by 1.
0
Suppose -5*l + o = 2*o + 158, -5*l = -2*o + 164. Let m = -18 - l. Let a(c) = 3*c**2 - 6*c + 2. Calculate the remainder when a(4) is divided by m.
12
Suppose -w = 0, -25 - 7 = -4*k - w. Calculate the remainder when 39 is divided by k.
7
Let g(s) = -s**2 - 10*s + 5. Let v(w) = w + 10. Calculate the remainder when g(-9) is divided by v(-5).
4
Suppose 0 = 2*j, 5*o - o = -3*j. Suppose 4*z + o*z - 80 = 0. Calculate the remainder when 59 is divided by z.
19
Let h = -6 + 14. Let y = -6 + h. Suppose -y*j + j - 5*w = -8, -j + 2*w + 1 = 0. What is the remainder when 4 is divided by j?
1
Let l(v) = -3*v - 4. Let o(s) = 2*s - 3. Calculate the remainder when o(6) is divided by l(-3).
4
What is the remainder when (-20)/190 - 1123/(-19) is divided by 31?
28
Suppose 4*t - 12 = -5*o, 2*t + o - 3 = t. Suppose -t*q + 17 - 5 = 0. Calculate the remainder when 5 is divided by q.
1
Let v be 6/(-21) + 191/7. Let r = -10 + v. What is the remainder when r is divided by 6?
5
Let n(a) be the third derivative of -a**6/120 - a**5/60 + a**4/24 + 5*a**3/6 - a**2. What is the remainder when n(-4) is divided by (-3 - -2)/(2/(-26))?
10
Let p be -12*-16*(-3)/(-9). Suppose -52 + 18 = -2*v - 2*m, -5*v + 2*m + p = 0. Calculate the remainder when 26 is divided by v.
12
Suppose -2*n - 3*n - 3*d = -87, 3*n = 3*d + 57. Calculate the remainder when n is divided by ((-285)/38)/(6/(-8)).
8
Suppose -2*f - 5*r = -36, -2*f - 2*r = -0*r - 24. Suppose -32 = 4*l + f. What is the remainder when 28 is divided by 0 + 1 - (l + -4)?
13
Suppose 2*r = -3*s + 295, 6*s - 3*s = 2*r + 299. Calculate the remainder when s is divided by 17.
14
Suppose 3*t - 84 = -21. Let n = -8 + t. What is the remainder when 36 is divided by n?
10
Suppose 0 = 2*f - 3 + 9, -4*r - 5*f = -109. Suppose 3*t = r + 50. Calculate the remainder when t is divided by (2 + 0 - 1)*14.
13
Let t be -1 - -2 - (2 - 4). Suppose -2*y + 110 = t*y. Let x(o) = -o**3 - 6*o**2 - 6*o + 6. What is the remainder when x(-6) is divided by y?
20
Suppose 15*c = 17*c - 30. Calculate the remainder when c is divided by 9.
6
Suppose 2*m = -r + 20, 0 = -m + 2*r - 0 + 5. Calculate the remainder when 51 is divided by m.
6
Let a = 85 - 55. What is the remainder when a is divided by 8?
6
Let x be ((-876)/2)/((-9)/6). Suppose -2*f = 2*f - x. Calculate the remainder when 1 + f + -4 + 1 is divided by 24.
23
Let n = 121 - 46. What is the remainder when n is divided by 11?
9
Suppose -1 + 2 = -z. Suppose b - 6*b + k = -95, 2*k - 19 = -b. Calculate the remainder when b is divided by (2*z)/2 - -11.
9
Let a = -5 - -4. What is the remainder when (-32 - a)*2/(-2) is divided by 11?
9
Let h(j) = 8*j**2 - 2*j - 1. What is the remainder when h(-1) is divided by (-2)/(-11) + 17/((-374)/(-84))?
1
Let d = -13 + 31. What is the remainder when d is divided by 7?
4
Suppose -3*c + 5*c = -5*w + 66, -4*w + 3*c + 62 = 0. Calculate the remainder when 24 is divided by w.
10
Let g = -4 - -13. Let o(f) = 6*f + 13. Calculate the remainder when o(g) is divided by 17.
16
What is the remainder when 62 is divided by (-2 + -5)*(-2 + -1)?
20
Suppose -3*d = 5*k - 0*k + 15, 3*k + 4*d = -9. Calculate the remainder when -2*k/6*37 is divided by 19.
18
Suppose -2*t = 4, 4*l = t + 20 - 6. What is the remainder when 1/(((-5)/(-75))/(4/10)) is divided by l?
0
Let i(a) = 4 + 2*a**2 - 2*a**3 - 2*a**2 - 7*a**2 + a**3 - 7*a. Suppose 5*t - l = -0*l - 26, t + 18 = -3*l. What is the remainder when 29 is divided by i(t)?
9
Suppose 3*f = 30 - 96. What is the remainder when (f - 1)/(-7 + 6) is divided by 12?
11
Suppose 4*o = -19 - 9. Calculate the remainder when o + 4 + 53/1 is divided by 13.
11
Calculate the remainder when 5/(-2 - 38) + 73/8 is divided by 2.
1
Suppose 0*a + 3*a = 0. Let n = 9 - a. Suppose 3*i - 63 = -3*y, -36 = 5*y - 5*i - 191. Calculate the remainder when y is divided by n.
8
Suppose 26 + 37 = 3*f. What is the remainder when 62 is divided by f?
20
Let g be 25/(-10) + 1/(-2). Calculate the remainder when g*17*(-1)/3 is divided by 6.
5
Suppose 42 = 2*l + 10. Suppose 3*g - 24 - 3 = 0. Calculate the remainder when l is divided by g.
7
Let a(z) = -23*z - 4. What is the remainder when 164 is divided by a(-2)?
38
Let q = -14 - -31. Calculate the remainder when 65 is divided by q.
14
Let s(i) = 3*i + 2*i + 0*i + 1 + 9*i. Suppose -2*y - 58 = -4*y. What is the remainder when y is divided by s(1)?
14
Suppose 4*j = 7*j - 3. What is the remainder when 1/(-2) - 69/(-2) is divided by 6*(j + 3/3)?
10
Let u be 4/6 - (-294)/(-9). Calculate the remainder when ((-37)/(-4))/((-8)/u) is divided by 13.
11
Let p(d) = 7*d + 1. Let u be p(-2). Let m(i) = -7*i**3 - 2*i**2 - i. Let l be m(-1). Calculate the remainder when (u/2)/((-3)/l) is divided by 5.
3
Let n = -46 + 59. Suppose 0 = 4*b, -4*s + 3*b = -b - 24. Calculate the remainder when n is divided by s.
1
Let d be 2278/(-8) - 4/16. Calculate the remainder when 36 is divided by (-2)/3*d/10.
17
Let z(i) = -i**3 - 6*i**2 + i + 8. What is the remainder when z(-7) is divided by 17?
16
Suppose -4*q - g = 7, -5 = -3*g - 2. Let o be 8 + q*(0 + 1). Suppose 3 = j - o. What is the remainder when 26 is divided by j?
8
Let d(x) = 3 - 4*x**2 + 0*x - x + 5*x**2. Let b be d(9). Suppose -z + b = 4*z. What is the remainder when z is divided by 8?
7
Suppose 3*f - 9 + 0 = 0. Suppose -3 - f = -k. What is the remainder when 16 is divided by k?
4
Suppose -2*b + 4 = -4*x, x + 0*b + 4 = -b. Let g(f) = -f**2 - 6*f - 3. Calculate the remainder when (-1)/x*6*1 is divided by g(-5).
1
Suppose 0*d + 42 = d. Let j = -22 + d. What is the remainder when 59 is divided by j?
19
Suppose 0 = -8*a + 4*a. Suppose -3*s + a*s + 75 = 0. What is the remainder when 73 is divided by s?
23
Let a = 164 - 136. What is the remainder when 279 is divided by a?
27
Let b(a) = -2*a. Let k be b(-2). Suppose -n = -k*q - 6*n + 137, 5*n - 53 = -q. Suppose -2*d - d = -45. What is the remainder when q is divided by d?
13
Let t(k) = -k - 1. Let p be t(-3). Suppose p*h + 4*m = -2*h + 16, -3*m = 3. Let g = h + 4. What is the remainder when 17 is divided by g?
8
Let v(y) = -y**3 - 10*y**2 - 16*y + 4. Calculate the remainder when 15 is divided by v(-8).
3
Let f = -83 - -90. Calculate the remainder when 17 is divided by f.
3
Suppose -9*t + 5*t = -36. Calculate the remainder when 17 is divided by t.
8
Let s be 5/(15/(-18)) + -1. Let v(a) = -a**3 - 6*a**2 + 7*a + 9. Let w be v(s). Calculate the remainder when 51/w*(6 - 3) is divided by 6.
5
Let j(m) = m**3 + m**2 + m. Let h(s) = 7*s**3 + 6*s**2 + 5*s + 6. Let a(f) = h(f) - 6*j(f). What is the remainder when a(0) is divided by 4?
2
Let z(f) = 3*f**2 - 10*f + 6. Calculate the remainder when z(4) is divided by 3.
2
Let z = 61 - 42. Let o = -56 + 91. What is the remainder when o is divided by z?
16
Suppose x = 3*j - 2*x - 18, 2*x = -3*j + 43. Calculate the remainder when 13 is divided by j.
2
Calculate the remainder when 56 is divided by (-219)/(-12) + 6/8.
18
Suppose -9 = -2*q + 9. Let w = 11 - q. Calculate the remainder when 4 is divided by w.
0
Suppose -2*w - x + 8 = -0*x, 4*w = x + 10. Suppose -11*n + 7*n = -12. What is the remainder when w is divided by n?
0
Let i(z) = -z**3 + 20*z**2 - 20*z + 23. Calculate the remainder when 27 is divided by i(19).
3
Suppose 2*i = 7 + 27. Calculate the remainder when 67 is divided by i.
16
Suppose 36 = 4*m - m. What is the remainder when 33 is divided by m?
9
Let l = -87 - -165. Calculate the remainder when l is divided by 9.
6
Let d be 7/(-2)*(-8)/7. Suppose 0 = d*k - k - 60. What is the remainder when 37 is divided by k?
17
Suppose 4*l + 0 = -c + 87, 5*c - 4*l = 507. Calculate the remainder when c is divided by 20.
19
Let q(v) = v**3 + 7*v**2 + v + 5. Calculate the remainder when q(-6) is divided by ((-20)/8)/5*-24.
11
Let n be -4*(-2 + 2/8). Suppose -4*u = -n*u + 78. Suppose r = -c + 12, 2*r - 2*c + 9 - 21 = 0. Calculate the remainder when u is divided by r.
8
Let f = 8 + 8. Suppose 0 = 4*r - 0*r - f. Suppose -4 = -a + h + 3, -4 = r*h. What is the remainder when 11 is divided by a?
5
Let c(h) = -18*h + 2. What is the remainder when c(-4) is